Dec 01 20:04:33.762 INFO testing davidalber/rust-conduct-conformulator against master#8940af3cea4a9a9deabcaf843b2f8cad9a83fc61 for beta-1.31-5
Dec 01 20:04:33.763 INFO running `"docker" "create" "-v" "/mnt/big/crater/work/local/target-dirs/beta-1.31-5/worker-7/master#8940af3cea4a9a9deabcaf843b2f8cad9a83fc61:/target:rw,Z" "-v" "/mnt/big/crater/work/local/test-source/worker-7/beta-1.31-5/master#8940af3cea4a9a9deabcaf843b2f8cad9a83fc61:/source:ro,Z" "-v" "/mnt/big/crater/work/local/cargo-home:/cargo-home:ro,Z" "-v" "/mnt/big/crater/work/local/rustup-home:/rustup-home:ro,Z" "-e" "USER_ID=1000" "-e" "SOURCE_DIR=/source" "-e" "USER_ID=1000" "-e" "CMD=cargo +8940af3cea4a9a9deabcaf843b2f8cad9a83fc61-alt build --frozen" "-e" "CARGO_TARGET_DIR=/target" "-e" "CARGO_INCREMENTAL=0" "-e" "RUST_BACKTRACE=full" "-e" "RUSTFLAGS=--cap-lints=warn" "-e" "CARGO_HOME=/cargo-home" "-e" "RUSTUP_HOME=/rustup-home" "-m" "1536M" "--network" "none" "crater"`
Dec 01 20:04:34.116 INFO [stdout] 916bee8e3a9ffd5a087e2caeccbc55c152d2c470aec3c658a29da24be208d724
Dec 01 20:04:34.118 INFO running `"docker" "start" "-a" "916bee8e3a9ffd5a087e2caeccbc55c152d2c470aec3c658a29da24be208d724"`
Dec 01 20:04:35.043 INFO [stderr] usermod: no changes
Dec 01 20:04:35.544 INFO [stderr]    Compiling deunicode v0.4.2
Dec 01 20:04:35.554 INFO [stderr]    Compiling openssl-sys v0.9.35
Dec 01 20:04:35.555 INFO [stderr]    Compiling pear_codegen v0.0.20
Dec 01 20:04:35.558 INFO [stderr]    Compiling rocket v0.3.16
Dec 01 20:04:35.559 INFO [stderr]    Compiling rocket_codegen v0.3.16
Dec 01 20:04:35.585 INFO [stderr]    Compiling serde_json v1.0.27
Dec 01 20:04:35.586 INFO [stderr]    Compiling serde_urlencoded v0.5.3
Dec 01 20:04:35.591 INFO [stderr]    Compiling chrono v0.4.6
Dec 01 20:04:37.491 INFO [stderr]    Compiling error-chain v0.10.0
Dec 01 20:04:37.539 INFO [stderr]    Compiling slug v0.1.4
Dec 01 20:04:40.887 INFO [stderr] error: failed to run custom build command for `rocket v0.3.16`
Dec 01 20:04:40.887 INFO [stderr] process didn't exit successfully: `/target/debug/build/rocket-e8632d5f710e389a/build-script-build` (exit code: 101)
Dec 01 20:04:40.887 INFO [stderr] --- stderr
Dec 01 20:04:40.887 INFO [stderr] [1;31mError:[0m [37mRocket requires a nightly or dev version of Rust.[0m
Dec 01 20:04:40.887 INFO [stderr] [37mInstalled version is:[0m [33m1.31.0-beta.20 (2018-11-30)[0m. [37mMinimum required:[0m [33m1.27.0-nightly (2018-04-26)[0m.
Dec 01 20:04:40.887 INFO [stderr] [34mSee the getting started guide ([0m[37mhttps://rocket.rs/guide/getting-started/[0m[34m) for more information.[0m
Dec 01 20:04:40.887 INFO [stderr] thread 'main' panicked at 'Aborting compilation due to incompatible compiler.', /cargo-home/registry/src/github.com-1ecc6299db9ec823/rocket-0.3.16/build.rs:38:13
Dec 01 20:04:40.887 INFO [stderr] stack backtrace:
Dec 01 20:04:40.887 INFO [stderr]    0:     0x55fc9a3d133f - std::sys::unix::backtrace::tracing::imp::unwind_backtrace::h3a8b83e1922cbdde
Dec 01 20:04:40.887 INFO [stderr]                                at libstd/sys/unix/backtrace/tracing/gcc_s.rs:49
Dec 01 20:04:40.887 INFO [stderr]    1:     0x55fc9a3dcd17 - std::sys_common::backtrace::print::h00d3155a29b4020f
Dec 01 20:04:40.887 INFO [stderr]                                at libstd/sys_common/backtrace.rs:71
Dec 01 20:04:40.887 INFO [stderr]                                at libstd/sys_common/backtrace.rs:59
Dec 01 20:04:40.887 INFO [stderr]    2:     0x55fc9a3d5bdf - std::panicking::default_hook::{{closure}}::hd7465c742e79e1bb
Dec 01 20:04:40.887 INFO [stderr]                                at libstd/panicking.rs:211
Dec 01 20:04:40.887 INFO [stderr]    3:     0x55fc9a3d5944 - std::panicking::default_hook::h9e3966f2aa2a6e12
Dec 01 20:04:40.887 INFO [stderr]                                at libstd/panicking.rs:227
Dec 01 20:04:40.887 INFO [stderr]    4:     0x55fc9a3d620e - std::panicking::rust_panic_with_hook::h587f091ae747d080
Dec 01 20:04:40.887 INFO [stderr]                                at libstd/panicking.rs:476
Dec 01 20:04:40.887 INFO [stderr]    5:     0x55fc9a3a8ac3 - std::panicking::begin_panic::h185025b8b4804e9b
Dec 01 20:04:40.887 INFO [stderr]                                at libstd/panicking.rs:410
Dec 01 20:04:40.887 INFO [stderr]    6:     0x55fc9a3a6b85 - build_script_build::main::h4284e4a3a8df7e1b
Dec 01 20:04:40.887 INFO [stderr]                                at /cargo-home/registry/src/github.com-1ecc6299db9ec823/rocket-0.3.16/build.rs:38
Dec 01 20:04:40.887 INFO [stderr]    7:     0x55fc9a3a93af - std::rt::lang_start::{{closure}}::ha0df32a52ba7057e
Dec 01 20:04:40.887 INFO [stderr]                                at libstd/rt.rs:74
Dec 01 20:04:40.887 INFO [stderr]    8:     0x55fc9a3d5c82 - std::panicking::try::do_call::h52e7f80ff0fdcc45
Dec 01 20:04:40.887 INFO [stderr]                                at libstd/rt.rs:59
Dec 01 20:04:40.887 INFO [stderr]                                at libstd/panicking.rs:310
Dec 01 20:04:40.887 INFO [stderr]    9:     0x55fc9a3e7cc9 - __rust_maybe_catch_panic
Dec 01 20:04:40.887 INFO [stderr]                                at libpanic_unwind/lib.rs:102
Dec 01 20:04:40.887 INFO [stderr]   10:     0x55fc9a3c599a - std::rt::lang_start_internal::h38cae898de7f805c
Dec 01 20:04:40.887 INFO [stderr]                                at libstd/panicking.rs:289
Dec 01 20:04:40.887 INFO [stderr]                                at libstd/panic.rs:392
Dec 01 20:04:40.887 INFO [stderr]                                at libstd/rt.rs:58
Dec 01 20:04:40.887 INFO [stderr]   11:     0x55fc9a3a9388 - std::rt::lang_start::h3f68170055a70037
Dec 01 20:04:40.887 INFO [stderr]                                at libstd/rt.rs:74
Dec 01 20:04:40.887 INFO [stderr]   12:     0x55fc9a3a7a59 - main
Dec 01 20:04:40.887 INFO [stderr]   13:     0x7febf1a7982f - __libc_start_main
Dec 01 20:04:40.887 INFO [stderr]   14:     0x55fc9a3a6228 - _start
Dec 01 20:04:40.887 INFO [stderr]   15:                0x0 - <unknown>
Dec 01 20:04:40.887 INFO [stderr] 
Dec 01 20:04:40.887 INFO [stderr] warning: build failed, waiting for other jobs to finish...
Dec 01 20:04:41.271 INFO [stderr] error: failed to run custom build command for `pear_codegen v0.0.20`
Dec 01 20:04:41.271 INFO [stderr] process didn't exit successfully: `/target/debug/build/pear_codegen-9ebbb5de437ff65a/build-script-build` (exit code: 101)
Dec 01 20:04:41.271 INFO [stderr] --- stderr
Dec 01 20:04:41.271 INFO [stderr] [1;31mError:[0m [37mPear requires a nightly or dev version of Rust.[0m
Dec 01 20:04:41.271 INFO [stderr] [37mInstalled version is:[0m [33m1.31.0-beta.20 (2018-11-30)[0m. [37mMinimum required:[0m [33m1.30.0-nightly (2018-08-23)[0m.
Dec 01 20:04:41.271 INFO [stderr] thread 'main' panicked at 'Aborting compilation due to incompatible compiler.', /cargo-home/registry/src/github.com-1ecc6299db9ec823/pear_codegen-0.0.20/build.rs:31:13
Dec 01 20:04:41.271 INFO [stderr] stack backtrace:
Dec 01 20:04:41.271 INFO [stderr]    0:     0x5556457180ff - std::sys::unix::backtrace::tracing::imp::unwind_backtrace::h3a8b83e1922cbdde
Dec 01 20:04:41.271 INFO [stderr]                                at libstd/sys/unix/backtrace/tracing/gcc_s.rs:49
Dec 01 20:04:41.271 INFO [stderr]    1:     0x555645723ad7 - std::sys_common::backtrace::print::h00d3155a29b4020f
Dec 01 20:04:41.271 INFO [stderr]                                at libstd/sys_common/backtrace.rs:71
Dec 01 20:04:41.271 INFO [stderr]                                at libstd/sys_common/backtrace.rs:59
Dec 01 20:04:41.271 INFO [stderr]    2:     0x55564571c99f - std::panicking::default_hook::{{closure}}::hd7465c742e79e1bb
Dec 01 20:04:41.271 INFO [stderr]                                at libstd/panicking.rs:211
Dec 01 20:04:41.271 INFO [stderr]    3:     0x55564571c704 - std::panicking::default_hook::h9e3966f2aa2a6e12
Dec 01 20:04:41.271 INFO [stderr]                                at libstd/panicking.rs:227
Dec 01 20:04:41.271 INFO [stderr]    4:     0x55564571cfce - std::panicking::rust_panic_with_hook::h587f091ae747d080
Dec 01 20:04:41.271 INFO [stderr]                                at libstd/panicking.rs:476
Dec 01 20:04:41.271 INFO [stderr]    5:     0x5556456ef883 - std::panicking::begin_panic::h03cdb516ffc5f784
Dec 01 20:04:41.271 INFO [stderr]                                at libstd/panicking.rs:410
Dec 01 20:04:41.271 INFO [stderr]    6:     0x5556456ed948 - build_script_build::main::h36944a4e267b7477
Dec 01 20:04:41.271 INFO [stderr]                                at /cargo-home/registry/src/github.com-1ecc6299db9ec823/pear_codegen-0.0.20/build.rs:31
Dec 01 20:04:41.271 INFO [stderr]    7:     0x5556456f016f - std::rt::lang_start::{{closure}}::h5e49a6fd7616e446
Dec 01 20:04:41.271 INFO [stderr]                                at libstd/rt.rs:74
Dec 01 20:04:41.271 INFO [stderr]    8:     0x55564571ca42 - std::panicking::try::do_call::h52e7f80ff0fdcc45
Dec 01 20:04:41.271 INFO [stderr]                                at libstd/rt.rs:59
Dec 01 20:04:41.271 INFO [stderr]                                at libstd/panicking.rs:310
Dec 01 20:04:41.271 INFO [stderr]    9:     0x55564572ea89 - __rust_maybe_catch_panic
Dec 01 20:04:41.271 INFO [stderr]                                at libpanic_unwind/lib.rs:102
Dec 01 20:04:41.271 INFO [stderr]   10:     0x55564570c75a - std::rt::lang_start_internal::h38cae898de7f805c
Dec 01 20:04:41.271 INFO [stderr]                                at libstd/panicking.rs:289
Dec 01 20:04:41.271 INFO [stderr]                                at libstd/panic.rs:392
Dec 01 20:04:41.271 INFO [stderr]                                at libstd/rt.rs:58
Dec 01 20:04:41.271 INFO [stderr]   11:     0x5556456f0148 - std::rt::lang_start::hf3588cfe9ea8870a
Dec 01 20:04:41.271 INFO [stderr]                                at libstd/rt.rs:74
Dec 01 20:04:41.271 INFO [stderr]   12:     0x5556456ee819 - main
Dec 01 20:04:41.271 INFO [stderr]   13:     0x7f4c41a9382f - __libc_start_main
Dec 01 20:04:41.271 INFO [stderr]   14:     0x5556456ed228 - _start
Dec 01 20:04:41.271 INFO [stderr]   15:                0x0 - <unknown>
Dec 01 20:04:41.271 INFO [stderr] 
Dec 01 20:04:41.271 INFO [stderr] warning: build failed, waiting for other jobs to finish...
Dec 01 20:04:41.331 INFO [stderr] error: failed to run custom build command for `rocket_codegen v0.3.16`
Dec 01 20:04:41.331 INFO [stderr] process didn't exit successfully: `/target/debug/build/rocket_codegen-4a5b65214453c03c/build-script-build` (exit code: 101)
Dec 01 20:04:41.331 INFO [stderr] --- stderr
Dec 01 20:04:41.331 INFO [stderr] [1;31mError:[0m [37mRocket requires a nightly or dev version of Rust.[0m
Dec 01 20:04:41.331 INFO [stderr] [37mInstalled version is:[0m [33m1.31.0-beta.20 (2018-11-30)[0m. [37mMinimum required:[0m [33m1.30.0-nightly (2018-08-23)[0m.
Dec 01 20:04:41.331 INFO [stderr] [34mSee the getting started guide ([0m[37mhttps://rocket.rs/guide/getting-started/[0m[34m) for more information.[0m
Dec 01 20:04:41.331 INFO [stderr] thread 'main' panicked at 'Aborting compilation due to incompatible compiler.', /cargo-home/registry/src/github.com-1ecc6299db9ec823/rocket_codegen-0.3.16/build.rs:38:17
Dec 01 20:04:41.331 INFO [stderr] stack backtrace:
Dec 01 20:04:41.331 INFO [stderr]    0:     0x55cf580a632f - std::sys::unix::backtrace::tracing::imp::unwind_backtrace::h3a8b83e1922cbdde
Dec 01 20:04:41.331 INFO [stderr]                                at libstd/sys/unix/backtrace/tracing/gcc_s.rs:49
Dec 01 20:04:41.331 INFO [stderr]    1:     0x55cf580b1d07 - std::sys_common::backtrace::print::h00d3155a29b4020f
Dec 01 20:04:41.331 INFO [stderr]                                at libstd/sys_common/backtrace.rs:71
Dec 01 20:04:41.331 INFO [stderr]                                at libstd/sys_common/backtrace.rs:59
Dec 01 20:04:41.331 INFO [stderr]    2:     0x55cf580aabcf - std::panicking::default_hook::{{closure}}::hd7465c742e79e1bb
Dec 01 20:04:41.331 INFO [stderr]                                at libstd/panicking.rs:211
Dec 01 20:04:41.331 INFO [stderr]    3:     0x55cf580aa934 - std::panicking::default_hook::h9e3966f2aa2a6e12
Dec 01 20:04:41.331 INFO [stderr]                                at libstd/panicking.rs:227
Dec 01 20:04:41.331 INFO [stderr]    4:     0x55cf580ab1fe - std::panicking::rust_panic_with_hook::h587f091ae747d080
Dec 01 20:04:41.331 INFO [stderr]                                at libstd/panicking.rs:476
Dec 01 20:04:41.331 INFO [stderr]    5:     0x55cf5807dab3 - std::panicking::begin_panic::h637cf6c246413594
Dec 01 20:04:41.331 INFO [stderr]                                at libstd/panicking.rs:410
Dec 01 20:04:41.331 INFO [stderr]    6:     0x55cf5807bb84 - build_script_build::main::h2c72fd58a9234470
Dec 01 20:04:41.331 INFO [stderr]                                at /cargo-home/registry/src/github.com-1ecc6299db9ec823/rocket_codegen-0.3.16/build.rs:38
Dec 01 20:04:41.331 INFO [stderr]    7:     0x55cf5807e39f - std::rt::lang_start::{{closure}}::hfe557982ab535bc0
Dec 01 20:04:41.331 INFO [stderr]                                at libstd/rt.rs:74
Dec 01 20:04:41.331 INFO [stderr]    8:     0x55cf580aac72 - std::panicking::try::do_call::h52e7f80ff0fdcc45
Dec 01 20:04:41.331 INFO [stderr]                                at libstd/rt.rs:59
Dec 01 20:04:41.331 INFO [stderr]                                at libstd/panicking.rs:310
Dec 01 20:04:41.331 INFO [stderr]    9:     0x55cf580bccb9 - __rust_maybe_catch_panic
Dec 01 20:04:41.331 INFO [stderr]                                at libpanic_unwind/lib.rs:102
Dec 01 20:04:41.331 INFO [stderr]   10:     0x55cf5809a98a - std::rt::lang_start_internal::h38cae898de7f805c
Dec 01 20:04:41.331 INFO [stderr]                                at libstd/panicking.rs:289
Dec 01 20:04:41.331 INFO [stderr]                                at libstd/panic.rs:392
Dec 01 20:04:41.331 INFO [stderr]                                at libstd/rt.rs:58
Dec 01 20:04:41.331 INFO [stderr]   11:     0x55cf5807e378 - std::rt::lang_start::h04f69d23836a7815
Dec 01 20:04:41.331 INFO [stderr]                                at libstd/rt.rs:74
Dec 01 20:04:41.331 INFO [stderr]   12:     0x55cf5807ca49 - main
Dec 01 20:04:41.331 INFO [stderr]   13:     0x7f95d290582f - __libc_start_main
Dec 01 20:04:41.331 INFO [stderr]   14:     0x55cf5807b228 - _start
Dec 01 20:04:41.331 INFO [stderr]   15:                0x0 - <unknown>
Dec 01 20:04:41.331 INFO [stderr] 
Dec 01 20:04:41.331 INFO [stderr] warning: build failed, waiting for other jobs to finish...
Dec 01 20:04:46.707 INFO [stderr] error: build failed
Dec 01 20:04:46.707 INFO [stderr] su: No module specific data is present
Dec 01 20:04:47.696 INFO running `"docker" "inspect" "916bee8e3a9ffd5a087e2caeccbc55c152d2c470aec3c658a29da24be208d724"`
Dec 01 20:04:47.966 INFO running `"docker" "rm" "-f" "916bee8e3a9ffd5a087e2caeccbc55c152d2c470aec3c658a29da24be208d724"`
Dec 01 20:04:48.287 INFO [stdout] 916bee8e3a9ffd5a087e2caeccbc55c152d2c470aec3c658a29da24be208d724
